o?
7
Let y = -17 + 13. Let p = 2 - y. What is the units digit of p?
6
Suppose -2*z - 60 = -4*z. What is the units digit of z?
0
Suppose w - m = 1, m - 3 = -5*w - 4. Suppose w = -2*v + 77 + 5. What is the units digit of v?
1
Suppose x - 15 = 18. What is the tens digit of x?
3
Suppose 3*j = -4*x + 7, x + 6 = -3*j + 1. Suppose -5*c = 3*u - 12 - 29, -x*u + 38 = 5*c. What is the units digit of c?
0
Suppose -3*k = -5*k + 222. Let q = k - 63. What is the tens digit of q?
4
Suppose 3*i - 577 = 647. What is the tens digit of i?
0
Let j(a) = a + 4*a + 6*a**2 - 7 - a**3 - a. Let f be j(6). Suppose -38 = -2*n - 2*p - 2*p, 2*n - 3*p = f. What is the units digit of n?
3
Let k be 6/(-3) + 4 + 0. Suppose -3*h + 36 = -k*d + 11, d + 51 = 5*h. Suppose 3*i + h = -2*s + s, 6 = 2*s - i. What is the units digit of s?
1
Let n = -21 - -15. Let w = 20 + n. What is the tens digit of w?
1
Suppose -7*c = f - 2*c - 47, 3*c + 159 = 3*f. What is the units digit of f?
2
Let z(t) = 4*t + 4. Let v be z(-4). Let u = 7 + v. Let f(b) = b**2 + 3*b - 1. What is the units digit of f(u)?
9
What is the units digit of ((-9)/15)/((-924)/460 + 2)?
9
Suppose -161 - 193 = -6*c. What is the tens digit of c?
5
Let d(y) = -y**2 - 4*y - 1. Let t be d(-4). Let a = 5 + t. What is the units digit of (2 + 0)*10/a?
5
Let o(d) = 4*d + 1. Let m(y) = 1. Let c(j) = -2*m(j) - o(j). Let l be c(-5). What is the tens digit of l - (4 + (-2)/1)?
1
Let j(k) be the first derivative of -k**3/3 + 5*k**2 - 3*k - 2. Let m be j(9). Suppose -b = -m*b + 40. What is the units digit of b?
8
Let u = 84 - -96. What is the hundreds digit of u?
1
Let a = 97 + -67. What is the units digit of a?
0
Let x = -3 + 37. What is the tens digit of x*(-1)/(0 - 2)?
1
Let i(s) = 2*s - 8. Suppose f + 2*f - 21 = 0. What is the units digit of i(f)?
6
Suppose 0 = s - 0*s. Let t = s - -4. Suppose 3*f + 2*x = 4*f + 3, t*f = 5*x - 3. What is the units digit of f?
3
Suppose -w + 12 = 2*p, 7*p - 30 = 2*p - 3*w. Let n(r) = 7 + r**3 + 0*r**3 - 4*r - p*r**2 + 3*r. What is the units digit of n(6)?
1
Suppose 1 - 5 = -u. What is the tens digit of ((-9)/u)/(24/(-448))?
4
Suppose 5*o + 0 = 30. Suppose -4*d - 74 = -o*d. What is the tens digit of d?
3
Suppose -t + 5*g + 64 = 0, -4*g + 245 = 5*t - 133. Suppose 3*l + t = 5*l. What is the tens digit of l?
3
Let r be (-18)/((-5)/((-20)/(-8))). Let w(d) = d**2 - 2*d - 13. What is the tens digit of w(r)?
5
Let z(g) = -8*g - 75. What is the units digit of z(-12)?
1
Suppose 3*k = -k - 40. Let h = k + 5. Let b = h - -13. What is the units digit of b?
8
Suppose -4*c - 1 + 97 = 0. What is the tens digit of c?
2
Suppose 4*p - 5 = 3*p. Suppose p*f + 4*s = 97, 0*f + 3*s - 57 = -3*f. What is the units digit of f?
1
Suppose 103 = 5*z + 323. Let x be z + (-4 - (2 + -5)). What is the units digit of 8/5 - 18/x?
2
Suppose 3*y = -2*y + 90. What is the units digit of y?
8
Let v(y) = -y**2 + 9*y - 2. Suppose 7 = -r + 36. Suppose 4*h + j = 6*j + r, -28 = -4*h + 4*j. What is the units digit of v(h)?
6
What is the hundreds digit of 1827/15 + (-3)/(-15)?
1
Let m = -152 + 257. What is the hundreds digit of m?
1
Let y = 70 - -130. What is the tens digit of y?
0
Suppose 75 = c + 3*v - 61, 2*v = -c + 140. What is the hundreds digit of c?
1
What is the units digit of 2835/24 + (-1)/8?
8
Let t = -15 + 26. What is the units digit of t?
1
Suppose 3*p + 20 = 5*p. Let q(r) = -r**3 + 6*r**2 + 3. Let a be q(6). Suppose 0 = -2*i - a*i + p. What is the units digit of i?
2
Let g(l) be the first derivative of -l**4/4 + 2*l**3 - 2*l**2 - 3*l + 1. Let s be g(5). Suppose s*k - 6 = 4. What is the units digit of k?
5
What is the hundreds digit of 6/(-39) + (-21232)/(-104)?
2
Suppose -5*k = 3*p - 594, -5*k - 4*p + 131 = -466. What is the hundreds digit of k?
1
Let v = 2 + 1. Suppose v*s = -5*j + 121, -6*j + 5*s = -5*j - 13. What is the units digit of j?
3
Let d(t) = t**3 + 3*t**2 + t - 2. Let w(m) = -m**3 + 7*m**2 + m - 9. Let z be w(7). Let j be d(z). Suppose j = -0*n + 2*n - 32. What is the tens digit of n?
1
Suppose -x = x - 20. Let v = x - 8. Suppose -6*k = -v*k - 44. What is the tens digit of k?
1
Let j(l) = 2*l - 3 - l - 1. Let y be j(8). Suppose -y*f + f - 5*g = -8, 0 = -3*f - 4*g + 10. What is the units digit of f?
6
Let a = 3 - 0. Suppose a*p - 39 = -0*p. What is the tens digit of p?
1
Let b be -6 + 23 + -1*1. Suppose 4*m - b = 12. What is the units digit of m?
7
Suppose m - 62 = 93. What is the units digit of m?
5
Suppose -5*p + 21 = q + 2*q, -q = p - 5. Suppose f = p*k - 1, 5*f = k + 17 + 6. Suppose 4 = -f*r + 39. What is the units digit of r?
7
Suppose 3*a - 5*j + 6 = 24, 0 = 2*j. What is the units digit of 6*-3*(-2)/a?
6
Let n = -3 + 7. What is the units digit of 1*(-2)/(n/(-54))?
7
Let c(i) be the third derivative of -i**4/12 - 3*i**2. What is the units digit of c(-1)?
2
Let y = 45 + 12. What is the units digit of y?
7
Let u = -18 - -23. Suppose t + u = 9. What is the units digit of t?
4
Let b(a) = -a + 4. Let y be b(4). Suppose y = -3*x - 2*q + 19, 5*x - q - 7 = 29. Suppose 4*u + 2*k - 48 = -k, x = -u + 4*k. What is the units digit of u?
9
Suppose 0*p + 26 = p. What is the tens digit of p?
2
Suppose 984 = 4*h - 2*z - 2*z, 0 = 4*h + 2*z - 978. What is the tens digit of h?
4
Let u = 5 + 19. What is the tens digit of u?
2
Let f = 222 - 144. What is the units digit of f?
8
Let k(j) = j - 17. Let i be k(7). What is the units digit of (-6)/i + 16/40?
1
Let p(s) = -3*s - 1. Let c be p(-2). Let r = c + 0. Suppose -4*m + r = -3*o - 0, 0 = o - 5*m + 9. What is the units digit of o?
1
Suppose -5*t - 5*q + 35 = 0, -t - t + q = -2. Let o(b) = -b**3 + 5*b + 0*b - 9 - t*b**2 - 3*b**2. What is the units digit of o(-7)?
5
Let z = 4 - 2. Let q(l) = l + 0 - z - 4. What is the units digit of q(8)?
2
Let z(y) = 4*y**2 - 2*y - 2. Let o(n) = -n - 1. Let m be o(-4). What is the tens digit of z(m)?
2
Let a be (-1)/(-2 + 7/4). Suppose -3*b + 2 + 1 = 3*j, -13 = -a*j - b. What is the units digit of j?
4
Suppose 3*y + 3*y - 186 = 0. What is the tens digit of y?
3
Let i(x) = x**3 + 11*x**2 + 12*x - 12. What is the tens digit of i(-9)?
4
Suppose -2*w + 6*w - 2*j = 22, 3*w - 14 = 2*j. Suppose 9 = v - w. What is the units digit of v?
7
Let r(b) = -8*b - 8. What is the tens digit of r(-10)?
7
Suppose -2*m = 2*m - d - 54, 4*d + 62 = 5*m. Let t = -8 + m. What is the units digit of t?
6
Let p(x) = -x**2 + 9*x - 7. Suppose -3*w = -2*v + 17, 0 - 1 = w. What is the units digit of p(v)?
7
Suppose 1151 = 4*r + 2*z + 331, 4*r - 812 = -4*z. What is the tens digit of r?
0
Let z(o) = o**2 - o - 4. Let i be z(3). Let s be i/(-8) + (-9)/(-4). Suppose -2*k = -6*k - 4*q + 16, -s*k = 3*q - 8. What is the units digit of k?
4
Let j = 16 + -8. Let x = 15 - j. What is the units digit of x?
7
Suppose 0 = 9*l + 6*l - 3315. What is the hundreds digit of l?
2
Let v(s) = -7*s + 8. Let k be v(-6). Suppose 5*r = -0*r + k. What is the tens digit of r?
1
What is the tens digit of (-4)/(-18) - 3524/(-18)?
9
Let w(q) = -2 - q**3 + 3*q**2 - 5*q**2 + 4. Let o be w(-2). What is the units digit of o*(5/2)/5?
1
Let z(p) = p + 6. Suppose -d - 8 = 3*h - 2*h, -2*h = d + 9. Let c be z(d). What is the units digit of c - -2 - (0 - 0)?
1
What is the units digit of (0 + 0 - (-2 + -79))/1?
1
Let m be 0 + 0 + 70/5. Suppose 0 = 3*c - 5 + m, 2*u - 3 = -3*c. What is the units digit of u?
6
Suppose 4*a = -l - 4, -2*l + 0*l + 3*a - 19 = 0. Let g be -1 + 1 - (l - -4). Suppose -47 - 9 = -g*i. What is the units digit of i?
4
Suppose 2*u = 4*j, -4*j + 0*j + 6 = -5*u. What is the tens digit of ((-5)/u)/(-5)*-20?
1
Let f = -99 - -432. What is the units digit of f?
3
Let o = 5 + 1. Let n = o + -5. What is the tens digit of (7 + -6)/(n/16)?
1
Let x(b) = -b**2 - 5*b + 1. Let a be x(-4). Suppose 0 = 2*s + 3*s - a. Let m = s + 1. What is the units digit of m?
2
Let i = 3 + -3. Let f = 0 + 2. Suppose -f*q + 20 = -i*q. What is the tens digit of q?
1
Let z(t) = 3*t - 8. What is the units digit of z(7)?
3
Let m(k) = k**3 - 9*k**2 + 12*k - 8. What is the units digit of m(8)?
4
Let w be (-2)/3*9/(-2). Let g = 11 - w. What is the units digit of g?
8
Suppose j + 2*j - 47 = k, -j - 5*k + 37 = 0. Suppose 0 = -j*n + 13*n + 24. What is the units digit of n?
6
Let c be (-4)/(-6)*18/6. Suppose c*u - 57 = -13. What is the tens digit of u?
2
Su